f o?
False
Let v(o) = o + 2. Let q be v(0). Suppose 0 = q*d - 1 - 5. Suppose -u = -d*l + 1, 0 + 10 = 2*u. Does 2 divide l?
True
Let s = -73 + 98. Does 5 divide s?
True
Let z = 145 + -74. Is 22 a factor of z?
False
Let r(d) = -20*d**3 - d**2 + d + 1. Let n be r(-1). Suppose -5*o - n = -q, 0 = -4*q + 5*q - 3*o - 21. Is q a multiple of 8?
True
Suppose -10 = -4*o + 6*o, -3*w - 4*o = 14. Is (-195)/(-20)*w*2 a multiple of 17?
False
Let o(k) = 5*k**2 - 1. Is o(3) a multiple of 11?
True
Let f be (-1 - 0)/(-1) - -6. Suppose -1 - f = -4*j. Suppose -110 = -4*d - j*q, 2*q = -d + 12 + 8. Does 15 divide d?
True
Suppose -15 = -0*m - 3*m. Suppose -10 + 2 = -3*b + 2*a, 2*a + 8 = m*b. Suppose b = -3*q - 2*v + 30, -5*q - 2*v + 57 = -v. Is 4 a factor of q?
True
Let a(l) = -l**3 - 9*l**2 + 12. Let o = -16 + 61. Suppose -5*j + q + 0*q = o, j = -2*q - 9. Does 12 divide a(j)?
True
Let m(t) = -t - 3. Let h be m(-7). Suppose h = 2*z + 2. Let r = 3 - z. Is r a multiple of 2?
True
Suppose -3*g = n - 27, -2*n + 0*g + 21 = -5*g. Is 6 a factor of n?
True
Suppose -5 = -0*t + t + 3*i, 0 = 5*i + 15. Let p be t/18 + 7/9. Is 16 a factor of (0 + (p - -37))/1?
False
Suppose 459 = 4*t - 0*t + 5*s, 0 = -s - 5. Is 11 a factor of t?
True
Let k(p) = -p**2 - 5*p - 3. Let l be k(-3). Suppose 9 - 48 = -5*z - 2*t, l*z + 4*t = 15. Is z a multiple of 5?
False
Let j be (-3 - -5) + 5 + -1. Let m = j + -6. Suppose 4*d - 56 - 16 = m. Is 17 a factor of d?
False
Suppose -q + u + 1 = 0, -2*q = 2*u + u - 7. Let v be (q - 0)*(9 + -4). Suppose 0 = -2*r + 32 - v. Is 10 a factor of r?
False
Let p = -1 + 3. Suppose 0 = 2*z + z - f + 10, -p*z + 2*f = 8. Is z/(-5) - (-244)/10 a multiple of 13?
False
Let r(v) = v**3 - 4*v**2 - 8*v + 5. Suppose 3*f = -f + 24. Does 8 divide r(f)?
False
Suppose 0 = -m + 28 - 8. Suppose -k - 3*k = -m. Let w(c) = c**2 - 3*c + 2. Is 6 a factor of w(k)?
True
Suppose 2*v = 62 - 8. Is v/(21/(-8) - -3) a multiple of 12?
True
Let f(c) = 2*c - 2. Let b be f(2). Let u = 4 - b. Suppose -35 = -2*v - 5*o, u*o + 43 = 4*v + 3*o. Is 5 a factor of v?
True
Let g(w) = -3*w**3 + 2*w**2 + 2*w. Does 31 divide g(-3)?
True
Let p be ((-3)/2)/(6/(-8)). Suppose -p*f + 3*f - 9 = 0. Suppose -51 - f = -5*d. Is 7 a factor of d?
False
Let p = 145 + -96. Does 4 divide p?
False
Suppose 5*a - h = 877, -4*a + 185 = -3*a + 3*h. Is 11 a factor of a?
True
Let s = 25 + 38. Does 7 divide s?
True
Let z(p) = 3*p**2 + p - 3. Let d be z(3). Suppose 36 = -3*m - d. Does 8 divide (-56)/m*3*1?
True
Suppose -40 = -4*m + 2*n, -5*m - 3*n = -0*m - 50. Let a be (-6)/m - (-2)/(-5). Is 9 a factor of a*(-2 - -1) + 20?
False
Let m be 2 - (-10)/(3/(-3)). Let i = -1 - m. Does 17 divide 6/21 + 222/i?
False
Does 4 divide ((-1)/2)/((-6)/168)?
False
Let a = 35 + -10. Is 6 a factor of a?
False
Let m = -6 - -7. Does 15 divide ((-45)/(-6))/(m/2)?
True
Let d = 5 - 1. Suppose 2*f - d*f = -96. Suppose b - f = -2*b. Does 16 divide b?
True
Let x = -117 - -171. Is 12 a factor of x?
False
Let a = -148 - -381. Suppose 31 = 3*u - a. Does 3 divide 4/(-14) - u/(-14)?
True
Is 18 a factor of (-12)/(-8) + 134/4?
False
Is -2 - 0 - (-16 - 4) a multiple of 6?
True
Suppose 4*a = 2*v - 24, 2*v + 5*a = 6*v - 33. Let w = v - -2. Suppose 2*x = w*l + x - 46, -x + 20 = 2*l. Is l a multiple of 11?
True
Suppose -2*r = 5*h - 1096, -3*r + 464 - 30 = 2*h. Is h a multiple of 10?
True
Let l(i) = i**3 + 3*i**2 + 3*i. Let d be l(-2). Is (-1)/d*(46 + 4) a multiple of 20?
False
Let d(l) = l**2 - 9*l + 1. Let s be d(8). Is 24 a factor of ((-4)/5)/(s/420)?
True
Suppose -3*a + a + 408 = 0. Suppose v = 2*j - 94, -j - 2*v = 3*j - a. Is 34 a factor of j?
False
Let o = 18 + -5. Suppose l - o = -4*n, -2*n + 6*n = 12. Let r(i) = 7*i**3 - i + 1. Is 3 a factor of r(l)?
False
Let w(l) be the third derivative of 0*l**3 + 0*l + 0 + 4/15*l**5 - 1/24*l**4 - 2*l**2. Is w(2) a multiple of 25?
False
Is -23*(-7)/(35/10) a multiple of 9?
False
Suppose 249 + 106 = 5*y. Is y a multiple of 26?
False
Suppose 0 = -5*p - 0*p - 5, -3*p = -5*u + 223. Is 15 a factor of 7/(7/u) + -3?
False
Let d = -24 + 185. Is d a multiple of 11?
False
Suppose 32 = 3*u - 4. Is 12 a factor of u?
True
Let q = 79 - 45. Is 17 a factor of q?
True
Suppose -26 - 10 = -2*z. Does 14 divide z?
False
Let u(a) be the third derivative of -a**8/6720 + a**7/840 + a**6/360 - a**4/24 + 2*a**2. Let l(t) be the second derivative of u(t). Is l(3) a multiple of 6?
True
Let v(p) = 10*p**2 - 10*p. Does 12 divide v(3)?
True
Suppose -5*u + 3*k = -877 + 183, 0 = -5*u - 5*k + 710. Does 45 divide u?
False
Let m(t) = 15*t + 2. Let q be m(6). Suppose 6*g - 10*g = -q. Is g a multiple of 15?
False
Let w(f) = -3*f - 1. Let o be w(-1). Let h be 0/(o + 1 + -1). Suppose 0 = -h*n + n - 6. Is n a multiple of 6?
True
Is (-32)/(-2)*(8 - 6) a multiple of 16?
True
Let t = -168 + 238. Is t a multiple of 14?
True
Let g(m) = -10*m - 4. Is 3 a factor of g(-1)?
True
Let w(f) = -f**2 - 7*f - 7. Let j be w(-5). Suppose -5*t - 4*y - 5 = 0, j*t + 0 + 3 = y. Let l = 4 + t. Does 2 divide l?
False
Let o(y) = y - 4. Let u be o(6). Suppose -3*m - u = -5. Does 18 divide 102/4 + m/(-2)?
False
Suppose 2*d = -2*d - 5*a + 88, -4*d = -5*a - 88. Is 14 a factor of d?
False
Let l = 57 + -34. Is 3 a factor of l?
False
Let g = -102 - -147. Let p = -28 + g. Is 4 a factor of p?
False
Let f(i) = 3*i - 3. Suppose 0 = d + 5, -3*b - 5*d = -4*d + 23. Let c(z) = z**3 + 6*z**2 - 2*z - 7. Let h be c(b). Does 6 divide f(h)?
True
Let t be 2*(2 - 2/4). Suppose t*u - u = 3*p - 22, -p = -u - 8. Is p a multiple of 6?
True
Let j = 4 + 50. Does 7 divide j?
False
Let x = 79 + -41. Let s = -66 + 40. Let h = x + s. Is 12 a factor of h?
True
Let m = -10 + 20. Is 3 a factor of m?
False
Suppose 3*v + 2*v = -3*i + 16, 5*i + 5*v = 40. Suppose 0 = 3*d - 0*d - i. Suppose 2*f = 3*x + x + 122, 0 = -d*f - 4*x + 232. Is f a multiple of 20?
False
Suppose -8*a = -5*a - 81. Is a a multiple of 4?
False
Let k = -16 - -20. Suppose 5*a + 20 = -4*b + 167, -5*b = -k*a + 93. Is a a multiple of 9?
True
Suppose -5*r - 5*w = 125, 51 = -2*r + w - 2*w. Let d = r - -91. Let a = -38 + d. Does 11 divide a?
False
Let b be 1/(-2) + (-21)/6. Let c be b/((-87)/42 - -2). Suppose -4*h + 160 = c. Is 13 a factor of h?
True
Let o = -1 + 8. Does 16 divide -6 + o + 0 + 47?
True
Let i be (-46)/6*(-6 + 0). Let q = -15 + 5. Let p = q + i. Is 12 a factor of p?
True
Let c(a) = a**2 + 13*a - 3. Does 18 divide c(-17)?
False
Let o(s) = s**2 + 2*s - 3. Is o(-7) a multiple of 22?
False
Suppose 3*o + 6 = 18. Suppose 18 = o*q - 2*q. Is 9 a factor of q?
True
Suppose -2*l = -63 - 783. Suppose 159 = -4*h + l. Is h a multiple of 24?
False
Let a(q) = 2*q**2 + 6*q. Does 17 divide a(5)?
False
Let o(i) = 2*i - 4. Let j be o(4). Let b(f) = 18*f - 8. Is 16 a factor of b(j)?
True
Let j(f) = -f**3 + 15*f**2 + 18*f - 21. Is j(16) a multiple of 2?
False
Does 17 divide (-110)/(-33)*(-114)/(-5)?
False
Let s = -5 + 9. Let w(m) = -m**3 + m + 62. Let r be w(0). Suppose s*x - 5*a - 141 = 0, x + 2*x + 5*a = r. Is 9 a factor of x?
False
Let t(i) = -4*i**2 + 3*i + 3. Let o = 5 + -6. Let p(z) = -z**2 + z + 1. Let v(y) = o*t(y) + 2*p(y). Is 2 a factor of v(-1)?
True
Let g(o) = 7*o**2 + 19*o - 3. Is 14 a factor of g(-6)?
False
Suppose 2*m = 3*z - 3*m - 17, 5*m = -z - 1. Let w be (3/z)/((-1)/(-36)). Let c = -16 + w. Is c a multiple of 11?
True
Suppose -3*y - 13 = -5*v, 0 = 3*v + 5*y - 11 - 24. Suppose -53 + 3 = -v*t. Is 10 a factor of t?
True
Suppose -5*n - 3 = -4*n. Is ((-12)/(-3) + n)*17 a multiple of 6?
False
Suppose 0 = -4*t, -6*t + 6 = -f - 4*t. Suppose 3*d + 5*k - 3*k = -52, 3*d + 5*k + 49 = 0. Let n = f - d. Is 6 a factor of n?
True
Let p(a) = a + 6. Let v be 10/3*(-9)/6. Let h be p(v). Does 3 divide (-1)/((-20)/(-22) - h)?
False
Suppose -118 - 34 = -4*t. Is 4 a factor of t?
False
Does 5 divide -1 + -3 + 0 - -11?
False
Let n be 2/7 - 164/(-14). Suppose 3*p - 39 = -3*m, n*m - 7*m - 55 = -4*p. Is p a multiple of 5?
True
Let c(u) = -23*u - 2. Does 41 divide c(-9)?
True
Let s(x) = 15*x**3 + 7*x**2 + 29*x - 10. Let d(y) = -7*y**3 - 4*y**2 - 14*y + 5. Let j(t) = -13*d(t) - 6*s(t). Let n = 21 - 30. Is j(n) even?
True
Let n = 6 - -9. Let x be ((-5)/n)/((-1)/15). Suppose -x*m - 10 = -60. Does 5 divide m?
True
Let m(r) = r**2 - 19*r + 19. Is m(22) a multiple of 14?
False
Does 25 divid